{"id":199,"date":"2023-07-13T16:14:22","date_gmt":"2023-07-13T21:14:22","guid":{"rendered":"https:\/\/hermanasfranciscanasdelasagradafamilia.com\/?page_id=199"},"modified":"2025-04-14T09:59:58","modified_gmt":"2025-04-14T14:59:58","slug":"mozambique","status":"publish","type":"page","link":"https:\/\/hermanasfranciscanasdelasagradafamilia.com\/index.php\/mozambique\/","title":{"rendered":"Mozambique"},"content":{"rendered":"\n<p><strong>NUESTRA PRESENCIA EN MOZAMBIQUE<\/strong><\/p>\n\n\n\n<div class=\"wp-block-columns alignwide are-vertically-aligned-center is-layout-flex wp-container-core-columns-is-layout-9d6595d7 wp-block-columns-is-layout-flex\">\n<div class=\"wp-block-column is-vertically-aligned-center is-layout-flow wp-block-column-is-layout-flow\">\n<p>Nuestra presencia en Mozambique est\u00e1 desde el 2016. En esta misi\u00f3n hay dos proyectos que actualmente se desarrollan:<\/p>\n\n\n\n<p><mark style=\"background-color:rgba(0, 0, 0, 0);color:#965330\" class=\"has-inline-color\"><strong>PROYECTO \u201cSALVAR UNA VIDA\u201d<\/strong><\/mark><\/p>\n\n\n\n<p class=\"has-text-align-justify\">Este consiste en brindar leche a los ni\u00f1os y ni\u00f1as reci\u00e9n nacidos que lamentablemente pierden a sus madres durante el parto o poco despu\u00e9s de dar a luz. Es una triste realidad que, en muchas ocasiones, los familiares y amigos cercanos, debido a diversas circunstancias como la arraigada tradici\u00f3n, la falta de condiciones higi\u00e9nicas adecuadas o la desoladora situaci\u00f3n econ\u00f3mica, no tienen la posibilidad de hacerse cargo de estos peque\u00f1os hu\u00e9rfanos. Por lo tanto, esta iniciativa tiene como objetivo proporcionarles la nutrici\u00f3n esencial que necesitan para su desarrollo y bienestar. Es fundamental garantizar que estos beb\u00e9s reciban la atenci\u00f3n y el cuidado adecuados, promoviendo as\u00ed su crecimiento saludable y brind\u00e1ndoles la oportunidad de tener un futuro lleno de esperanza y oportunidades.<\/p>\n\n\n\n<p><mark style=\"background-color:rgba(0, 0, 0, 0);color:#91462f\" class=\"has-inline-color\"><strong>PROYECTO \u201cCASA DE NAZARET\u201d<\/strong><\/mark><\/p>\n\n\n\n<p class=\"has-text-align-justify\">Este consiste en apoyar la educaci\u00f3n de aproximadamente 24 ni\u00f1as. Estas ni\u00f1as son acogidas en una casa hogar debido a que viven en aldeas lejanas de la escuela. Este proyecto tiene como objetivo proporcionar a las ni\u00f1as y j\u00f3venes alojamiento, comida, gastos m\u00e9dicos y libros de estudio. Adem\u00e1s de esto, la misi\u00f3n de la casa hogar es acompa\u00f1arlas en su camino educativo, en el cuidado personal y en la adquisici\u00f3n de habilidades \u00fatiles, como el cultivo de un huerto, la cr\u00eda de gallinas, la elaboraci\u00f3n de pan y otras actividades que puedan fomentar su autonom\u00eda. Con la implementaci\u00f3n de este proyecto, se espera marcar una diferencia significativa en la vida de estas ni\u00f1as, brind\u00e1ndoles las herramientas necesarias para un futuro m\u00e1s prometedor.<\/p>\n<\/div>\n\n\n\n<div class=\"wp-block-column is-vertically-aligned-center is-layout-flow wp-block-column-is-layout-flow\"><div class=\"wp-block-image\">\n<figure class=\"aligncenter size-full is-resized\"><img loading=\"lazy\" decoding=\"async\" width=\"476\" height=\"891\" src=\"https:\/\/hermanasfranciscanasdelasagradafamilia.com\/wp-content\/uploads\/2023\/11\/mon2.png\" alt=\"\" class=\"wp-image-291\" style=\"width:298px;height:auto\" srcset=\"https:\/\/hermanasfranciscanasdelasagradafamilia.com\/wp-content\/uploads\/2023\/11\/mon2.png 476w, https:\/\/hermanasfranciscanasdelasagradafamilia.com\/wp-content\/uploads\/2023\/11\/mon2-160x300.png 160w\" sizes=\"auto, (max-width: 476px) 100vw, 476px\" \/><\/figure>\n<\/div><\/div>\n<\/div>\n\n\n\n<div class=\"wp-block-group\"><div class=\"wp-block-group__inner-container is-layout-constrained wp-block-group-is-layout-constrained\">\n<div class=\"wp-block-group\"><div class=\"wp-block-group__inner-container is-layout-constrained wp-block-group-is-layout-constrained\">\n<div class=\"wp-block-group\"><div class=\"wp-block-group__inner-container is-layout-flow wp-block-group-is-layout-flow\">\n<div class=\"wp-block-columns is-layout-flex wp-container-core-columns-is-layout-9d6595d7 wp-block-columns-is-layout-flex\">\n<div class=\"wp-block-column is-vertically-aligned-center is-layout-flow wp-block-column-is-layout-flow\" style=\"flex-basis:100%\">\n<div class=\"wp-block-media-text is-stacked-on-mobile is-vertically-aligned-center\" style=\"grid-template-columns:34% auto\"><figure class=\"wp-block-media-text__media\"><video controls src=\"https:\/\/hermanasfranciscanasdelasagradafamilia.com\/wp-content\/uploads\/2024\/06\/WhatsApp-Video-2024-06-21-at-10.09.54-AM-2.mp4\"><\/video><\/figure><div class=\"wp-block-media-text__content\">\n<p class=\"has-text-align-center\"><img loading=\"lazy\" decoding=\"async\" width=\"513\" height=\"225\" class=\"wp-image-593\" style=\"width: 513px;\" src=\"https:\/\/hermanasfranciscanasdelasagradafamilia.com\/wp-content\/uploads\/2025\/04\/545fc51b-6020-4379-9c3b-0a6d85090e20.jpg\" alt=\"\" srcset=\"https:\/\/hermanasfranciscanasdelasagradafamilia.com\/wp-content\/uploads\/2025\/04\/545fc51b-6020-4379-9c3b-0a6d85090e20.jpg 1280w, https:\/\/hermanasfranciscanasdelasagradafamilia.com\/wp-content\/uploads\/2025\/04\/545fc51b-6020-4379-9c3b-0a6d85090e20-300x132.jpg 300w, https:\/\/hermanasfranciscanasdelasagradafamilia.com\/wp-content\/uploads\/2025\/04\/545fc51b-6020-4379-9c3b-0a6d85090e20-1024x450.jpg 1024w, https:\/\/hermanasfranciscanasdelasagradafamilia.com\/wp-content\/uploads\/2025\/04\/545fc51b-6020-4379-9c3b-0a6d85090e20-768x337.jpg 768w, https:\/\/hermanasfranciscanasdelasagradafamilia.com\/wp-content\/uploads\/2025\/04\/545fc51b-6020-4379-9c3b-0a6d85090e20-683x300.jpg 683w\" sizes=\"auto, (max-width: 513px) 100vw, 513px\" \/><\/p>\n<\/div><\/div>\n<\/div>\n<\/div>\n<\/div><\/div>\n<\/div><\/div>\n<\/div><\/div>\n\n\n\n<div class=\"wp-block-group\"><div class=\"wp-block-group__inner-container is-layout-constrained wp-block-group-is-layout-constrained\">\n<div class=\"wp-block-columns is-layout-flex wp-container-core-columns-is-layout-9d6595d7 wp-block-columns-is-layout-flex\">\n<div class=\"wp-block-column is-vertically-aligned-center is-layout-flow wp-block-column-is-layout-flow\" style=\"flex-basis:100%\">\n<figure class=\"wp-block-embed aligncenter is-type-video is-provider-youtube wp-block-embed-youtube wp-embed-aspect-16-9 wp-has-aspect-ratio\"><div class=\"wp-block-embed__wrapper\">\n<iframe loading=\"lazy\" title=\"Nuestra presencia en Mozambique\" width=\"1599\" height=\"899\" src=\"https:\/\/www.youtube.com\/embed\/2_VgN7VFLOg?feature=oembed\" frameborder=\"0\" allow=\"accelerometer; autoplay; clipboard-write; encrypted-media; gyroscope; picture-in-picture; web-share\" referrerpolicy=\"strict-origin-when-cross-origin\" allowfullscreen><\/iframe>\n<\/div><\/figure>\n<\/div>\n<\/div>\n<\/div><\/div>\n\n\n\n<p><\/p>\n","protected":false},"excerpt":{"rendered":"<p><span class=\"excerpt-fade\"><\/span><\/p>\n","protected":false},"author":1,"featured_media":308,"parent":0,"menu_order":0,"comment_status":"closed","ping_status":"closed","template":"","meta":{"footnotes":""},"class_list":["post-199","page","type-page","status-publish","has-post-thumbnail","hentry"],"_links":{"self":[{"href":"https:\/\/hermanasfranciscanasdelasagradafamilia.com\/index.php\/wp-json\/wp\/v2\/pages\/199","targetHints":{"allow":["GET"]}}],"collection":[{"href":"https:\/\/hermanasfranciscanasdelasagradafamilia.com\/index.php\/wp-json\/wp\/v2\/pages"}],"about":[{"href":"https:\/\/hermanasfranciscanasdelasagradafamilia.com\/index.php\/wp-json\/wp\/v2\/types\/page"}],"author":[{"embeddable":true,"href":"https:\/\/hermanasfranciscanasdelasagradafamilia.com\/index.php\/wp-json\/wp\/v2\/users\/1"}],"replies":[{"embeddable":true,"href":"https:\/\/hermanasfranciscanasdelasagradafamilia.com\/index.php\/wp-json\/wp\/v2\/comments?post=199"}],"version-history":[{"count":14,"href":"https:\/\/hermanasfranciscanasdelasagradafamilia.com\/index.php\/wp-json\/wp\/v2\/pages\/199\/revisions"}],"predecessor-version":[{"id":597,"href":"https:\/\/hermanasfranciscanasdelasagradafamilia.com\/index.php\/wp-json\/wp\/v2\/pages\/199\/revisions\/597"}],"wp:featuredmedia":[{"embeddable":true,"href":"https:\/\/hermanasfranciscanasdelasagradafamilia.com\/index.php\/wp-json\/wp\/v2\/media\/308"}],"wp:attachment":[{"href":"https:\/\/hermanasfranciscanasdelasagradafamilia.com\/index.php\/wp-json\/wp\/v2\/media?parent=199"}],"curies":[{"name":"wp","href":"https:\/\/api.w.org\/{rel}","templated":true}]}}